{"id":1207,"date":"2025-04-22T11:27:09","date_gmt":"2025-04-22T09:27:09","guid":{"rendered":"https:\/\/cofund.physique-upsaclay.fr\/?page_id=1207"},"modified":"2025-04-29T09:50:01","modified_gmt":"2025-04-29T07:50:01","slug":"laboratory-for-matter-in-extreme-conditions-lmce","status":"publish","type":"page","link":"https:\/\/cofund.physique-upsaclay.fr\/index.php\/laboratory-for-matter-in-extreme-conditions-lmce\/","title":{"rendered":"Laboratory for Matter in Extreme Conditions (LMCE)"},"content":{"rendered":"\n<p><a href=\"https:\/\/www-lmce.cea.fr\/en\/index.html\">https:\/\/www-lmce.cea.fr\/en\/index.html<\/a><\/p>\n\n\n\n<p>The <strong>Laboratoire Mati\u00e8re en Conditions Extr\u00eames (LMCE)<\/strong> is a laboratory based at CEA-DAM Ile-de-France (CEA-DIF), in Bruy\u00e8res-le-Ch\u00e2tel. Bringing together academic activities carried out at CEA-DIF in various fields of \u00ab Science and Engineering \u00bb, it has been affiliated with Paris-Saclay University (UPS) under the CEA-UPS agreement.<\/p>\n\n\n\n<p>The research topics addressed at the LMCE aim at better understanding the physical phenomena involved in the ultra-fast conditioning of matter under extreme conditions. They thus cover a very vast domain of states of matter, from solid to plasma, which is articulated around three major axes of physics:<\/p>\n\n\n\n<ul class=\"wp-block-list\">\n<li>Condensed matter physics,<\/li>\n\n\n\n<li>Fluid physics, and more specifically plasma physics,<\/li>\n\n\n\n<li>Nuclear physics.<\/li>\n<\/ul>\n\n\n<div class=\"taxonomy-post_tag wp-block-post-terms\"><a href=\"https:\/\/cofund.physique-upsaclay.fr\/index.php\/tag\/high-intensity_laser-matter_interaction\/\" rel=\"tag\">High-intensity laser-matter interaction<\/a><span class=\"wp-block-post-terms__separator\">, <\/span><a href=\"https:\/\/cofund.physique-upsaclay.fr\/index.php\/tag\/interactions_laser-plasmas\/\" rel=\"tag\">Interactions laser-plasmas<\/a><span class=\"wp-block-post-terms__separator\">, <\/span><a href=\"https:\/\/cofund.physique-upsaclay.fr\/index.php\/tag\/light_particle_sources\/\" rel=\"tag\">Light and particle sources<\/a><span class=\"wp-block-post-terms__separator\">, <\/span><a href=\"https:\/\/cofund.physique-upsaclay.fr\/index.php\/tag\/light-matter_interaction\/\" rel=\"tag\">Light-matter interaction<\/a><span class=\"wp-block-post-terms__separator\">, <\/span><a href=\"https:\/\/cofund.physique-upsaclay.fr\/index.php\/tag\/physics_plasmas\/\" rel=\"tag\">Physics of plasmas<\/a><\/div>","protected":false},"excerpt":{"rendered":"<p>https:\/\/www-lmce.cea.fr\/en\/index.html The Laboratoire Mati\u00e8re en Conditions Extr\u00eames (LMCE) is a laboratory based at CEA-DAM Ile-de-France (CEA-DIF), in Bruy\u00e8res-le-Ch\u00e2tel. Bringing together academic activities carried out at CEA-DIF in various fields of \u00ab Science and Engineering \u00bb, it has been affiliated with Paris-Saclay University (UPS) under the CEA-UPS agreement. The research topics addressed at the LMCE aim [&hellip;]<\/p>\n","protected":false},"author":1,"featured_media":0,"parent":0,"menu_order":0,"comment_status":"closed","ping_status":"closed","template":"","meta":{"footnotes":""},"categories":[30],"tags":[173,175,178,179,212],"class_list":["post-1207","page","type-page","status-publish","hentry","category-phom","tag-high-intensity_laser-matter_interaction","tag-interactions_laser-plasmas","tag-light_particle_sources","tag-light-matter_interaction","tag-physics_plasmas"],"_links":{"self":[{"href":"https:\/\/cofund.physique-upsaclay.fr\/index.php\/wp-json\/wp\/v2\/pages\/1207","targetHints":{"allow":["GET"]}}],"collection":[{"href":"https:\/\/cofund.physique-upsaclay.fr\/index.php\/wp-json\/wp\/v2\/pages"}],"about":[{"href":"https:\/\/cofund.physique-upsaclay.fr\/index.php\/wp-json\/wp\/v2\/types\/page"}],"author":[{"embeddable":true,"href":"https:\/\/cofund.physique-upsaclay.fr\/index.php\/wp-json\/wp\/v2\/users\/1"}],"replies":[{"embeddable":true,"href":"https:\/\/cofund.physique-upsaclay.fr\/index.php\/wp-json\/wp\/v2\/comments?post=1207"}],"version-history":[{"count":2,"href":"https:\/\/cofund.physique-upsaclay.fr\/index.php\/wp-json\/wp\/v2\/pages\/1207\/revisions"}],"predecessor-version":[{"id":1284,"href":"https:\/\/cofund.physique-upsaclay.fr\/index.php\/wp-json\/wp\/v2\/pages\/1207\/revisions\/1284"}],"wp:attachment":[{"href":"https:\/\/cofund.physique-upsaclay.fr\/index.php\/wp-json\/wp\/v2\/media?parent=1207"}],"wp:term":[{"taxonomy":"category","embeddable":true,"href":"https:\/\/cofund.physique-upsaclay.fr\/index.php\/wp-json\/wp\/v2\/categories?post=1207"},{"taxonomy":"post_tag","embeddable":true,"href":"https:\/\/cofund.physique-upsaclay.fr\/index.php\/wp-json\/wp\/v2\/tags?post=1207"}],"curies":[{"name":"wp","href":"https:\/\/api.w.org\/{rel}","templated":true}]}}